 1650227548 a multiple of 289?
False
Is 62 a factor of 22172728?
False
Does 1501 divide 43768444?
False
Is 819384144 a multiple of 5294?
True
Does 3432 divide 1593285408?
True
Does 502 divide 13382316?
True
Is 37258239 a multiple of 110?
False
Is 61 a factor of 11422098?
False
Is 22 a factor of 1108646811?
False
Does 113 divide 32315966?
True
Is 5634003067 a multiple of 19?
False
Does 148 divide 156626328?
True
Does 1666 divide 568529164?
True
Does 3440 divide 276850634?
False
Does 13 divide 577301892?
False
Is 5324 a factor of 260524616?
True
Is 138437692 a multiple of 12?
False
Is 6 a factor of 1127306328?
True
Is 28205494 a multiple of 2846?
False
Does 272 divide 100566016?
True
Does 1810 divide 25873475?
False
Is 942 a factor of 306604008?
False
Is 100852983 a multiple of 77?
True
Is 656 a factor of 210795760?
True
Is 84 a factor of 351104570?
False
Is 84 a factor of 148403640?
True
Is 3 a factor of 2435123?
False
Does 16 divide 19550976?
True
Does 11 divide 16836226?
True
Does 3261 divide 28367439?
True
Is 50 a factor of 12121864?
False
Does 11 divide 405973541?
False
Is 29 a factor of 1324117902?
True
Is 508403342 a multiple of 278?
True
Does 348 divide 54338808?
True
Is 606696160 a multiple of 56?
True
Is 1556 a factor of 152479006?
False
Is 4715 a factor of 400461531?
False
Is 142 a factor of 1002811668?
True
Is 740546688 a multiple of 12?
True
Does 28 divide 309848840?
True
Does 133 divide 4958905?
True
Is 11245042 a multiple of 24?
False
Does 1208 divide 1136821016?
True
Is 94 a factor of 20405142?
False
Does 9355 divide 1029592590?
True
Is 164 a factor of 295789644?
False
Does 2433 divide 2454072213?
True
Is 290771055 a multiple of 15?
True
Is 6 a factor of 7212192?
True
Does 980 divide 19164880?
True
Does 9 divide 83812743?
True
Does 7758 divide 626155938?
True
Is 112 a factor of 101870160?
True
Is 20 a factor of 57298292?
False
Does 14 divide 459737806?
False
Is 845 a factor of 1025497780?
False
Is 26 a factor of 1021627?
False
Does 31 divide 11984421?
False
Is 116766370 a multiple of 14?
True
Is 352 a factor of 63901728?
True
Does 26 divide 952558932?
True
Does 352 divide 119328?
True
Is 693140336 a multiple of 28?
True
Does 128 divide 312538752?
True
Is 23 a factor of 15783474?
True
Is 666700440 a multiple of 5?
True
Is 16751165 a multiple of 6596?
False
Is 411782124 a multiple of 1041?
True
Is 26 a factor of 286564622?
False
Does 50 divide 1108162684?
False
Is 206437375 a multiple of 425?
True
Does 2664 divide 128579454?
False
Does 12101 divide 1544813660?
True
Is 2221535426 a multiple of 59?
False
Is 150092467 a multiple of 7?
True
Is 2 a factor of 122161627?
False
Does 276 divide 283874832?
True
Does 326 divide 108975103?
False
Is 68 a factor of 38226676?
True
Is 54884143 a multiple of 38?
False
Is 652 a factor of 513067429?
False
Does 2845 divide 2589408045?
True
Does 785 divide 421766005?
False
Is 18733603 a multiple of 179?
True
Is 180397483 a multiple of 87?
False
Does 1149 divide 4293194877?
False
Does 304 divide 1080202421?
False
Is 143 a factor of 539686433?
True
Is 98948139 a multiple of 17?
False
Does 27 divide 82192527?
False
Does 194 divide 1243025161?
False
Is 937652458 a multiple of 94?
False
Is 1471 a factor of 36249325?
False
Is 18 a factor of 1213423873?
False
Is 4797331 a multiple of 77?
True
Is 15098031 a multiple of 129?
True
Does 2 divide 65035858?
True
Is 316 a factor of 92376912?
True
Does 117 divide 2275737399?
True
Is 90 a factor of 7990476?
False
Is 24 a factor of 17717834?
False
Does 18 divide 32470059?
False
Is 26607300 a multiple of 150?
True
Is 27 a factor of 5865012?
False
Does 7 divide 555340751?
True
Does 3162 divide 238626654?
True
Is 11964095 a multiple of 410?
False
Is 23059992 a multiple of 256?
False
Is 201147241 a multiple of 2083?
False
Is 580020 a multiple of 14?
True
Is 49985000 a multiple of 325?
True
Is 358672961 a multiple of 93?
False
Is 786 a factor of 32897244?
True
Is 16 a factor of 1719476048?
True
Is 44 a factor of 523719064?
True
Does 1325 divide 12835275?
True
Is 35 a factor of 38595127?
False
Is 337858716 a multiple of 13?
True
Is 26765718 a multiple of 6?
True
Does 36 divide 235998545?
False
Does 1931 divide 85865777?
True
Is 1183 a factor of 232077391?
True
Does 992 divide 170754658?
False
Is 39491000 a multiple of 808?
True
Is 36 a factor of 399747348?
True
Is 283573056 a multiple of 17?
True
Is 94 a factor of 399765268?
True
Does 6 divide 286814292?
True
Is 270542088 a multiple of 911?
False
Does 2106 divide 284388014?
False
Is 4 a factor of 68201636?
True
Is 125940304 a multiple of 203?
False
Is 4 a factor of 9754016?
True
Is 1369531 a multiple of 478?
False
Is 81678870 a multiple of 29?
False
Does 36 divide 2867900?
False
Does 12 divide 5897880?
True
Is 63 a factor of 96229847?
False
Is 76 a factor of 86344159?
False
Is 121998290 a multiple of 21?
False
Does 2039 divide 272043380?
True
Does 15 divide 2394245?
False
Does 5 divide 11469724?
False
Is 29722091 a multiple of 204?
False
Is 525 a factor of 903816900?
True
Does 872 divide 217966?
False
Does 17 divide 127241413?
True
Is 4539 a factor of 160545051?
False
Is 159 a factor of 1288166585?
False
Is 274215590 a multiple of 3?
False
Is 211369640 a multiple of 800?
False
Is 9 a factor of 886379403?
False
Does 238 divide 185152338?
True
Is 30479437 a multiple of 97?
True
Is 19 a factor of 81468276?
True
Does 45 divide 18581345?
False
Does 2 divide 7415082?
True
Is 14 a factor of 2391862242?
True
Is 1912 a factor of 1059730864?
False
Does 153 divide 54975454?
False
Is 1701 a factor of 8061417?
False
Is 76 a factor of 72762444?
False
Does 6 divide 341390659?
False
Is 27518762 a multiple of 31?
True
Does 10 divide 26734420?
True
Is 10937264 a multiple of 140?
False
Does 307 divide 110892698?
True
Is 488665745 a multiple of 982?
False
Is 8362254 a multiple of 5?
False
Is 101557001 a multiple of 4383?
False
Is 17807469 a multiple of 227?
True
Is 1112 a factor of 698912656?
False
Is 614397896 a multiple of 17?
False
Does 106 divide 100983197?
False
Is 161 a factor of 14129362?
False
Is 391987095 a multiple of 1149?
True
Is 96841516 a multiple of 54?
False
Is 866 a factor of 1934644?
True
Is 386741880 a multiple of 420?
True
Does 313 divide 164370698?
True
Is 118851488 a multiple of 14?
True
Is 2825 a factor of 26936375?
True
Is 598 a factor of 266772520?
False
Is 416923589 a multiple of 40?
False
Is 374899602 a multiple of 19?
True
Is 30679279 a multiple of 485?
False
Is 109 a factor of 9836473?
False
Is 78 a factor of 17783562?
False
Does 4 divide 1112611070?
False
Does 21 divide 41539493?
False
Is 2099267648 a multiple of 64?
True
Does 43 divide 60186842?
True
Is 346921880 a multiple of 4456?
True
Is 11 a factor of 18029077?
True
Is 42 a factor of 67585752?
False
Does 43 divide 18084381?
True
Does 164 divide 2936349517?
False
Does 25 divide 23418625?
True
Does 6 divide 2650206?
True
Does 9 divide 14235849?
True
Does 24 divide 40758321?
False
Does 55 divide 51620727?
False
Is 78052943 a multiple of 1049?
True
Is 631 a factor of 2117637?
False
Is 10016 a factor of 2782324608?
True
Does 80 divide 32814960?
True
Is 515 a factor of 355964116?
False
Is 37 a factor of 1632551?
True
Is 35 a factor of 864955692?
False
Is 14 a factor of 4961086?
False
Is 303688704 a multiple of 33?
True
Does 152 divide 332619320?
True
Does 90 divide 40063813?
False
Is 13 a factor of 9727075?
False
Is 219220560 a multiple of 2664?
True
Is 133 a factor of 342572356?
True
Is 3245674620 a multiple of 109?
False
Is 11 a factor of 3338028903?
True
Does 92 divide 1004390?
False
Is 448 a factor of 32381440?
True
Does 19 divide 44017639?
False
Is 9 a factor of 141762412?
False
Is 278 a factor of 71964542?
False
Does 9 divide 214305498?
True
Is 134297048 a multiple of 1423?
True
Does 420 divide 270126780?
True
Is 1461 a factor of 184553520?
True
Is 319075023 a multiple of 7?
False
Is 943367112 a multiple of 18?
True
Is 1665349 a multiple of 13?
False
Does 6 divide 73372620?
True
Is 101277238 a multiple of 524?
False
Is 2722 a factor of 494601010?
True
Is 138 a factor of 680499666?
True
Is 1979125533 a multiple of 3961?
True
Is 30027844 a multiple of 270?
False
Is 446 a factor of 853254642?
True
Is 59 a factor of 85638743?
False
Is 1114730213 a multiple of